p - 3. Let q(k) = -2*b(k) - 3*m(k). Calculate q(6).
-9
Let m(g) be the third derivative of -g**4/4 + g**3/6 - g**2. Let a(b) = b + 9. Let s be a(-8). Calculate m(s).
-5
Let k(y) = -y**3 - 6*y**2 - 4*y + 4. Suppose 6*w - 10 = 8*w. Calculate k(w).
-1
Let m(j) = -11*j - 2. Suppose -2*n - 8 = 4. Let b(s) = -4*s - 1. Let o(w) = n*m(w) + 17*b(w). What is o(-4)?
3
Let m(g) be the first derivative of -g**3/3 - 5*g**2/2 - 6*g - 6. Determine m(-5).
-6
Let u(n) be the second derivative of -n**4/12 + n. Let m(w) = w**3 - 2*w**2 + 3*w + 1. Let k(x) = m(x) - 3*u(x). Determine k(-2).
-9
Let f(d) = d**3 + 4*d**2 - 3. Let i be (-7 + 1)*(-10)/3. Suppose -x - 8 = -5*u, 8*x - 5*u - i = 3*x. Suppose q - x - 3 = 3*k, -3*q - 6 = 0. Calculate f(k).
-3
Let u(z) = z - 6. Let l(p) = 2*p - 9. Suppose 10*o - 6*o = 24. Let g be l(o). Give u(g).
-3
Let u(h) = 3 + 3*h + h + 1 - h**2. Determine u(5).
-1
Let l(x) = -x**2 + 3*x - 3. Let r = 155 + -152. Give l(r).
-3
Let m = 7 + 19. Let k be 1 + 4/(-2) - -5. Suppose -5*o - 3*p - 9 = -m, -4*o + k*p - 12 = 0. Let a(u) = u**3 + u - 1. Calculate a(o).
1
Let a = 160 - 159. Let v(q) = -3*q**2 - q + 1. Give v(a).
-3
Let r(f) = f - 2. Let s be 0 + 1 + 20/5 + 0. Calculate r(s).
3
Suppose -o + 28 - 22 = 0. Let v be o/(-5)*20/6. Let b(x) = x**3 + 3*x**2 - 3*x + 4. Give b(v).
0
Let z be 0/(0 + -2 + 4). Let h(n) = -2*n. Let d(c) = -c + 2. Let y(a) = d(a) - h(a). Determine y(z).
2
Let h(z) = 3 + 2 - 4*z - 2 + 6*z - z**2. Calculate h(-3).
-12
Let w(i) = -i. Let q(h) = h**2 - 3*h + 9. Let c(y) = q(y) + 5*w(y). What is c(6)?
-3
Let r(o) = -2*o. Let i(b) = b + 4 + 1 - 5. Let s(c) = 7*i(c) + 5*r(c). What is s(1)?
-3
Let j be (1 + (-12)/8)*0. Let d(q) = 2*q. Let k be d(1). Let i(w) = w + j*w - 6 + k. Calculate i(4).
0
Let w(m) be the second derivative of -m**5/20 - m**4/12 - m**3/6 + 2*m**2 + 2*m. Let z be 0*((0 - 5) + 144/27). Give w(z).
4
Let y(c) = 2*c + 2. Suppose -3*x = -4*z + x + 20, 2*x = -4*z + 2. What is y(z)?
6
Let t(w) = w - 17. Suppose 0 = i + i - 10, 0 = -3*s + i + 22. Calculate t(s).
-8
Let m(n) be the first derivative of n**3/6 + n**2 - 5*n + 1. Let s(g) be the first derivative of m(g). What is s(2)?
4
Let h(g) = 3*g**2 + g + 1. Let i be h(-1). Let f(x) = 3 + 1 - i + 2*x. Calculate f(3).
7
Let x(l) = -157 + 76 + 75 - l**3 - 12*l**2. Give x(-12).
-6
Let s(a) = -a + 9. Let n(b) = -2*b + 19. Let p(j) = 4*n(j) - 9*s(j). Let i be p(5). Suppose q + i*q = -2. Let f(m) = 5*m + 3. Determine f(q).
-7
Let n(h) = h - 4. Let j(w) be the first derivative of -2*w**3 + w**2/2 + w + 2. Let s be j(-1). Let u be (-3)/s + 7/(-2). What is n(u)?
-7
Let h(i) = -3*i + 2*i + 0*i - 5 - 2. Let p(x) = 1. Let o(j) = j + 4. Let c(s) = -o(s) - 5*p(s). Let d be c(-9). Give h(d).
-7
Let q(f) = -f**3 + 4*f**2 - 3*f. Let l(k) be the third derivative of -k**4/24 + k**3/3 - 2*k**2. Let s be l(0). Suppose s*z - 9 + 3 = 0. Determine q(z).
0
Let b(g) be the second derivative of 2*g**3/3 - g**2/2 - 5*g. Suppose 4*o - 3*o = -1. Give b(o).
-5
Let i(g) = g**2 - 6*g + 3. Suppose 0 = -4*t - 4*o - 7 + 19, 2*t - 2*o = 14. What is i(t)?
-2
Let c(r) be the second derivative of r**5/20 + 7*r**4/12 + 7*r**3/6 - 5*r**2/2 - 12*r. Give c(-6).
-11
Let z(u) = -u**2 + 14*u - 16. Let a be z(13). Let s(i) = -i**3 - 5*i**2 - 4*i - 1. Determine s(a).
-7
Let t be 8/(-12)*3/(-2). Let r be t*(1 + 1)*2. Let n(x) = -x**3 + 3*x**2 + 4*x - 5. Determine n(r).
-5
Let v(y) = y**2 + 5*y + 7. Suppose 13*l - 35 = 20*l. Give v(l).
7
Let j(r) = r**2 - 3*r - 1. Let k be (-1 - 2) + 1*7. Suppose k*w + v + 6 = -0*v, 4*v + 2 = -5*w. Calculate j(w).
9
Suppose 0 = 2*z - 0*z + 14. Let y(m) = -m**2 - 9*m - 2. Let w(n) = n. Let h(f) = w(f) + y(f). Let q be h(z). Let v(x) = x**3 - 4*x**2 - 5*x + 1. Calculate v(q).
1
Let b(m) be the second derivative of 0 + m + 1/120*m**5 - 1/12*m**4 + 0*m**2 + 1/3*m**3. Let s(u) be the second derivative of b(u). Give s(2).
0
Let f(l) = -2*l**2 + 9*l - 19. Let q(n) = -n**2 + 4*n - 9. Let c(w) = 6*f(w) - 13*q(w). Suppose 5*m - 3 - 2 = 0. Let v be (1 + -2)/(m/2). Calculate c(v).
3
Let s(n) = n - 1. Let a(m) = 6*m - 9. Let c(p) = a(p) - 3*s(p). What is c(-5)?
-21
Suppose 2*d + 2*d - 12 = 0. Let b(k) = 1 - 2*k + k + d. Give b(4).
0
Let u(r) = -r**2 + r - 11. Let d be (4/8)/(-1)*(-1 - -1). Give u(d).
-11
Let y be (-4)/(-3 + -1 - -2). Suppose -5*m + 3*v + 24 = 2*v, 0 = 2*v - y. Let w(h) = -h**3 + 5*h**2 + h + 3. Determine w(m).
8
Let g(w) be the first derivative of w**5/60 - 5*w**4/24 + 2*w**2 - 5. Let r(f) be the second derivative of g(f). Let u = 1 + 4. What is r(u)?
0
Let v = -8 + 2. Let o(b) = 2*b - 1. Let c be o(-5). Let k(j) = 7*j - 2. Let f(m) = -4*m + 1. Let x(r) = c*f(r) + v*k(r). Give x(1).
3
Let k(o) be the second derivative of -1/2*o**3 - 5*o - 9/2*o**2 + 0. Give k(-6).
9
Suppose o = 2*y - 2, -3*o + 3*y + 1 = -5. Let s(q) = q + 8. Determine s(o).
14
Let p(g) = -6*g**2. Let l be p(1). Let v = l + 5. Let q(s) = -2*s + s + 8*s**2 - 2*s**2. Determine q(v).
7
Let c(o) = 6*o**3 - o - 1. Let q(w) = -3*w + w**2 + 2*w**3 - 1 - 3*w**2 - w**3. Let x(j) = j**2 - 1. Let k be x(-2). Let a be q(k). Give c(a).
-6
Let t(d) = d**2 - 2*d - 1. Let g(b) = b**2 + 8*b + 6. Let v = 12 + -19. Let u be g(v). Calculate t(u).
2
Let x(c) = 3*c**2 - 10 + 3 + c + 2*c**2 - c**3. Let m(w) = w + 4*w**3 - w**3 - 4*w**2 - 5*w**2 - 2*w**3 - 4. Let o be m(9). Calculate x(o).
-2
Suppose 2*v + 6 = 0, -4*i + 2*v + 1 = -v. Let u(d) = -d**3 + 3*d + 2. Calculate u(i).
4
Let y(p) = p - 2. Let o(c) = c**2 - c - 4. Let l be o(-2). Determine y(l).
0
Let s = -1 + 4. Suppose 2*m = 5*k - 6, -8*m + 2 = -4*k - s*m. Suppose -3*l - n = 11, k*n - 6*n + 11 = l. Let j(g) = g**3 + 4*g**2 - 5*g - 1. Determine j(l).
-1
Let z(p) = -p**2 + 8*p - 8. Let x be z(7). Let c be 3 + x + -6 - -3. Let q(v) = -4*v - 1. Calculate q(c).
3
Let i(c) be the second derivative of -c**5/20 + 3*c**4/4 - 3*c**3/2 + 4*c**2 + 2*c. Determine i(8).
0
Suppose 4*p + 9 = f - 6*f, 0 = -2*p - 3*f - 7. Let o(x) = x**3 - 6*x**2 + 6*x - 3. Calculate o(p).
-11
Let o(b) = 4*b**2 + 8*b - 4. Let i(y) = 7*y**2 + 15*y - 7. Let w(n) = -6*i(n) + 11*o(n). Give w(2).
2
Let t be 264/15 + (-4)/(-10). Let k = -12 + -1. Let w = k + t. Let a(r) = r - 2. Give a(w).
3
Let w(q) = -q**2 + 4*q - 1. Let a be w(3). Let h = 5 - a. Let x(v) = 3*v - h*v - v. Determine x(4).
-4
Let p(o) = 5*o**3 + 7*o**2 - 5*o - 7. Let c(t) = t**3 + t**2 - 1. Let y(m) = -4*c(m) + p(m). Let k = -4 - 0. Determine y(k).
1
Let u(o) = -o**2 - o. Let p be u(1). Let w be 3 + 2*p/4. Let r(a) = -2*a**2 + 2*a**w - 6*a + 0*a**2 + a**2 + 5. What is r(5)?
0
Let h(q) = -q - 10. Let n be h(-7). Let z(m) = 7*m**2 + 8. Let y = -6 + 19. Let j(g) = -15*g**2 - 17. Let v(l) = y*z(l) + 6*j(l). What is v(n)?
11
Let o(r) = 1. Let a(x) = -x + 3. Let c = -3 - -1. Let j = -19 + 20. Let l(p) = c*o(p) + j*a(p). Give l(2).
-1
Let i(w) = -14*w**3 - w - 1. Let r(q) = -8*q + 2. Let j be r(-2). Let d be (-4)/j + (-42)/54. Determine i(d).
14
Suppose 0 = -6*z + 1 + 29. Let w(x) be the second derivative of -x**5/20 + 5*x**4/12 - x**3/6 + 2*x**2 - x. Determine w(z).
-1
Let c(d) = -2*d**2 + 4. Let j(g) = -g**2 + 2. Let i(y) = 3*c(y) - 7*j(y). What is i(-3)?
7
Let g(k) = 6*k**2 + 4*k - k**3 - 4 + 1 - 2 + 3*k. Let c(z) = z + 11. Let y be c(-4). Determine g(y).
-5
Let b(d) = 2*d**2 + 26*d - 51*d - 6 + 21*d - d**2. Determine b(6).
6
Let m(s) = 15*s - 1. Let n = -12 + 13. Give m(n).
14
Suppose 8 - 10 = -g. Let d(l) be the second derivative of -l**3 + 1/2*l**g + 1/20*l**5 - 3*l + 0 - 1/3*l**4. Determine d(5).
-4
Let z(k) = -8*k + k + 6*k + 1. Let u be (-6)/4*(-8)/3. Calculate z(u).
-3
Let p = 7 + -4. Let w(r) = r + 7*r + p*r**3 + 0 - 6*r**2 - 2. Let z(i) = i**3 - i**2 + i. Let f(s) = w(s) - 4*z(s). Give f(2).
-10
Let y(t) = -t**3 + 3*t**2 + 4. Let b be y(4). Let j = 6 + b. Let d(v) = -v**2 - 7*v - 9. Determine d(j).
-3
Let u(l) = -l**2 + 5*l - 4. Let d(z) = z**2 - 6*z + 3. Let i(p) = 4*d(p) + 5*u(p). Let w(t) = 2*t**2 - 3*t + 15. Let q(g) = -5*i(g) - 3*w(g). Calculate q(4).
-5
Let h = 0 - -4. Suppose 0 = h*t + t + 55. Let v = t - -8. Let o(c) = -c**2 - 5*c - 4. Determine o(v).
2
Let l(a) = -a**2 + 4*a - 3. Let q be l(3). Let r(u) = -u**3 + q*u**3 + 2*u + u + 2*u**2. Calculate r(3).
0
Let r(f) be the second derivative of -f**5/20 + 3*f**4/4 - 4*f**3/3 - 17*